ctors of x?
2, 3, 11
What are the prime factors of ((-132)/9)/((2/11508)/(16/(-64)))?
2, 7, 11, 137
Let s = 27893 + -15302. What are the prime factors of s?
3, 1399
Suppose 2*x + 2 = 0, -4*w + 153 = 4*x - 15. Suppose 4926 = 46*t - w*t + 4*d, -4*t - 2*d + 6578 = 0. List the prime factors of t.
2, 823
What are the prime factors of 11026 - -16 - (0 - -7 - -3)?
2, 7, 197
Let t(z) = -422*z + 4082. What are the prime factors of t(-33)?
2, 2251
Let g(i) = -53*i + 2. Let a(u) = -18*u + 1. Let q(x) = -17*a(x) + 6*g(x). Suppose -4*s + l - 12 = 0, -2*s + 8 = -l + 4*l. List the prime factors of q(s).
19
Suppose -l + 346 = 352, -6*l + 22575 = z. List the prime factors of z.
3, 7537
Suppose -8*t = -7*t + 9. Let l be 115/((-30)/t + -3). Suppose l = -2*z + 7*z + k, 4*k = 20. What are the prime factors of z?
2, 17
Let c = -29 + 31. Suppose 0 = c*m + 3*m - 20. Let u(o) = o**3 - 7*o - 3. What are the prime factors of u(m)?
3, 11
Suppose 3*j + 5*y = 205, 353 = 5*j - 0*j - 3*y. Let g = -5 + -7. Let o = g + j. List the prime factors of o.
2, 29
Suppose 22*y - 14*y - 19*y + 176693 = 0. What are the prime factors of y?
16063
Let c(z) = -3*z - 10. Let d be c(-2). What are the prime factors of ((-2)/d)/(6/4512)?
2, 47
Suppose 4*o = 4*z + 40, z + 4 = -0*z - o. Let k(v) = -v**3 + v**2 - 5*v - 1. What are the prime factors of k(z)?
2, 3, 71
Let v = 74595 - 41581. List the prime factors of v.
2, 17, 971
Suppose 17 + 19 = 18*c. Suppose -2*z + 420 = c*o, 3*z + 15*o - 19*o = 637. What are the prime factors of z?
211
Let q = -413 + 416. Suppose q*x = -238 + 1996. What are the prime factors of x?
2, 293
Let m(p) = -4*p**3 + 2*p**2 + p + 13. Let j be m(-6). Let o = j - 656. What are the prime factors of o?
7, 41
Suppose 379128 = -43*k + 988352. What are the prime factors of k?
2, 7, 11, 23
Suppose -5*i + 20 = 0, q - 2*i = -0*q - 6. Suppose -4*t + 677 = -5*u, -7*u + q*u - 331 = -2*t. What are the prime factors of t?
173
Let i(b) = b**2 + 115*b + 355. What are the prime factors of i(48)?
8179
Suppose -4*f + 31904 + 6912 = 0. List the prime factors of f.
2, 1213
What are the prime factors of 2 - (-132)/(-63) - (-1928)/168*17?
3, 5, 13
Suppose -5 = -a - 3*c, a + 3*c + 1 = 3*a. Suppose 4 = a*h - 368. Suppose -q + h = 5*g + 3*q, 5*q = 20. What are the prime factors of g?
2, 17
Suppose 3 = -0*b + b. Let l(o) = 2*o**2 + 102*o + 5. Let j be l(-51). Suppose b*h - 3*z = 4*h - 65, j*h - 5*z - 285 = 0. List the prime factors of h.
59
Suppose 3*z = -3*o + 273, 5*z + 0*o - 455 = 4*o. Let r = -207 + z. Let n = 207 + r. List the prime factors of n.
7, 13
Let p be ((-12)/8)/((-3)/354). Let s = p - 51. Let y = s - 66. What are the prime factors of y?
2, 3, 5
Let m(w) = 46*w**2 + 8*w + 14. Let h be 45/(-10)*(-2)/(-3). List the prime factors of m(h).
2, 101
Let c = -936 - -1331. Suppose -3*b - 2*b + c = 0. What are the prime factors of b?
79
Let g(m) = -13*m - 107. Let y(f) = -3*f - 27. Let r(p) = 2*g(p) - 9*y(p). Suppose -33*a + 261 = -201. What are the prime factors of r(a)?
43
Suppose -5*w + 5215 = b, -67*b + 69*b - 5*w = 10400. List the prime factors of b.
3, 5, 347
Suppose -3*r = -0*q - q + 531, 3*r - 2*q = -528. Let m = -66 - r. What are the prime factors of m?
2, 7
Let f(j) = 25*j**2 + 2*j + 1. Suppose 0 = -5*u + 4*u + 3. Let w be f(u). Let g = w + -80. What are the prime factors of g?
2, 19
Let q = -25137 - -38177. What are the prime factors of q?
2, 5, 163
Let k = -73983 - -137499. List the prime factors of k.
2, 3, 67, 79
Let g = -734 - -2026. Suppose -14*f + g = -2502. List the prime factors of f.
271
Suppose 12*k - 85*k - 4873 = -136857. What are the prime factors of k?
2, 113
Suppose 4*w - w - 12 = 0. Suppose -w*o + 20 = o. Suppose 2*z = o*x - 342, -z + 348 = 4*x + 3*z. List the prime factors of x.
2, 43
Let a = -28203 - -41452. List the prime factors of a.
13249
Let z = -74570 + 129741. List the prime factors of z.
55171
Suppose 317265 = 28*x - 0*x + 11*x. List the prime factors of x.
5, 1627
Suppose a - 3*v = -63, -3*a + 5*v = -2*a + 53. Suppose -18*b + 64*b + 9016 = 0. Let x = a - b. List the prime factors of x.
2, 59
Let q(l) be the third derivative of l**6/120 - 23*l**5/60 - 9*l**4/8 - 49*l**3/6 - 7*l**2 + 2. What are the prime factors of q(25)?
2, 263
Let t = 927 - 913. Suppose 0 = p - 4*v - 17, 20 = p - 15*v + t*v. What are the prime factors of p?
3, 7
Let i be -2*(-5)/(-20)*-14. Let z(j) = 4*j + 20. Let g be z(i). Suppose -3*o = 12, 2*d - o = 4*d - g. What are the prime factors of d?
2, 13
Let o(j) = 17*j**2 + 34*j + 192. What are the prime factors of o(35)?
53, 419
Let b = 27 + -27. Suppose b = 8*r - 67 + 475. Let l = -46 - r. What are the prime factors of l?
5
Suppose w + 6280 = 5*a, a + 5*w - 817 = 413. Suppose 2*d = 5*s - a, 3*s - 4*d = -s + 992. What are the prime factors of s?
11, 23
List the prime factors of (28088/180 - 58/1305)/((-2)/(-104)).
2, 3, 13
Suppose -3*s + 3*t = s + 3, 5*s = -2*t + 25. Suppose 20*g - 5*w = 23*g - 1621, s*g - 3*w = 1629. What are the prime factors of g?
2, 271
Let x(z) = -139*z + 7440. What are the prime factors of x(-122)?
2, 11, 1109
List the prime factors of 16*-1 + 30 + 50108.
2, 19, 1319
Let f = 58 - 51. Let c = 14 - f. Let y(k) = 3*k**2 - 8*k - 6. List the prime factors of y(c).
5, 17
Suppose y - 41493 = 23814. What are the prime factors of y?
3, 11, 1979
Suppose -11*l + 196 + 464 = 0. Let d = 685 + -285. What are the prime factors of d/l*(-1 + 7)?
2, 5
Suppose -57*d = -25792 - 177983. Suppose -2*a + 7170 = 3*v + v, 0 = 2*v - a - d. What are the prime factors of v?
2, 5, 179
Let u(c) = 17*c. Let z be u(4). Let d(k) = -9*k. Let a be d(2). Let m = z - a. What are the prime factors of m?
2, 43
Let n(h) = -h**3 + 16*h**2 + 11*h - 33. Let z be n(15). Let c = -181 + z. What are the prime factors of c?
2, 11
Suppose 0*f = -4*f + 48. Let s be (2 - -53)/(6/f). Suppose t - 318 = -3*x - 2*t, s = x - t. What are the prime factors of x?
2, 3
Let r(j) = 346*j**2 - 206*j + 35. What are the prime factors of r(-5)?
5, 29, 67
Suppose 35*f + 5*k = 38*f - 7, -3*k - 5 = -2*f. List the prime factors of -5 + (121 - 0) + f.
2, 3, 5
List the prime factors of 329917/21 - 1/((-12)/(-4)).
2, 5, 1571
Let h = -4457 + 6810. List the prime factors of h.
13, 181
Let g(p) = -17*p**3 - 2*p**2 + p + 2. Suppose -46 = 7*y - 228. Let d = -27 + y. List the prime factors of g(d).
2
Let f(l) = -6*l + 163. Let x be f(26). Suppose -3*n + 2169 = 3*v, 3*v = x*v + 2*n - 2896. List the prime factors of v.
5, 29
Let y = 2 - -3. Let j be -18 + (-81)/(-9) + 14. Suppose -85 = -j*o + y. List the prime factors of o.
2, 3
Let p(i) be the third derivative of i**5/30 + 5*i**4/8 - 55*i**3/3 + 87*i**2. List the prime factors of p(12).
2, 179
Let b = 2826 - 2718. Let d(t) = -t**3 + 6*t**2 - 3*t - 5. Let j be d(5). Suppose -2*y + y - 2*m = -129, -y = -j*m - b. What are the prime factors of y?
3, 41
Suppose 5*p - 2*p - 2815 = -4*i, 0 = 3*i + 4*p - 2113. Let z = i - 407. Suppose -54 = -10*b + z. What are the prime factors of b?
5, 7
Let y(i) = -72*i + 755. List the prime factors of y(-29).
2843
Suppose -94*l + 520800 = 6*l. List the prime factors of l.
2, 3, 7, 31
Let y(i) = 120*i - 851. What are the prime factors of y(22)?
1789
Suppose 3*c + 6*s - 1608 = 13554, -s - 5072 = -c. What are the prime factors of c?
2, 17, 149
Let f(l) = 206*l**2 - 150*l - 875. What are the prime factors of f(-6)?
7, 1063
Let n = -55 + 86. Let y(v) = v**3 - 29*v**2 - 46*v + 14. List the prime factors of y(n).
2, 3, 5, 17
Let o(u) = u**2 + 2*u + 3. Let h be o(-2). Suppose -2*i - y + 868 = h*y, -i = y - 438. List the prime factors of i.
2, 13, 17
Let t be 18638*8/(-4) + (-2 - 0). What are the prime factors of (-2)/(-8) + t/(-72)?
2, 7, 37
Let w = -142 - -143. What are the prime factors of 1/(w*8/11728)?
2, 733
Suppose -4*s + 7440 + 156819 = 5*s. What are the prime factors of s?
18251
Let s(f) = 28*f**2 + 10*f + 14. Let g be s(-6). Let m = 127 + g. What are the prime factors of m?
3, 11
Let i be 107510/91 + 4/7. Let c = -783 + i. What are the prime factors of c?
3, 7, 19
Let k be 4 - (3 - 0)*(-130)/39. Suppose -5*c + 19 + 53 = 3*q, k = q + 5*c. What are the prime factors of q?
29
Let k(n) = 48*n**2 + 6*n - 94. List the prime factors of k(-13).
2, 5, 397
Suppose -50*h - 56*h + 4*h + 3402210 = 0. List the prime factors of 